 be (-1 + 7)*(-4)/(-6). Suppose r - 21 = -k, -g*k = -r - 21 - 58. What is the remainder when k is divided by 11?
9
Suppose 8 - 32 = -4*a. Suppose 125 - 365 = -15*s. What is the remainder when s is divided by a?
4
Let z = 9 - 7. Suppose -y = z*y - 24. Calculate the remainder when 23 is divided by y.
7
Let b(q) = q**3 + q**2 + 6*q - 2. Let l be b(-5). Let j = -64 - l. What is the remainder when j is divided by 23?
22
Let i(s) = s**2 + s + 5. Let z = -46 - -62. What is the remainder when i(-7) is divided by z?
15
Suppose -5*q + 83 = 3*w, 5*w = -5*q + 44 + 31. Suppose 4*c + 5*t - 94 = 0, q = c - 3*t + 4. Let k = -30 + 92. What is the remainder when k is divided by c?
20
Suppose 0 = 3*x + 36 - 102. Suppose -q = -x + 8. What is the remainder when q is divided by 8?
6
Let k(m) = 2*m + 22. Calculate the remainder when 23 is divided by k(-8).
5
Let x(c) be the first derivative of -c**3/3 + 4*c**2 - 6*c + 1. Calculate the remainder when 25 is divided by x(5).
7
Let a(n) = -n**2 - 11*n + 13. Let y be a(-12). Let z(w) = -w**3 - 5*w**2 + 5*w - 5. Calculate the remainder when z(-7) is divided by (36/(-45))/(y/(-25)).
18
Suppose 316 = 4*a + z - 3*z, 2*z = 5*a - 394. What is the remainder when a is divided by 29?
20
Let u(m) = 8*m + 10. Let n be u(8). Calculate the remainder when -4 + n + (0 - -3) is divided by 19.
16
Let d = -39 - -51. Calculate the remainder when 47 is divided by d.
11
Let d be 0/(5 + -2 - 1). Suppose -g - 3*g + 52 = d. What is the remainder when g is divided by 7?
6
Calculate the remainder when ((-62)/(-8)*1)/(3/12) is divided by 17.
14
Suppose 0 = 2*l - 4*x + 8, -3*l = -8*l + 3*x + 1. Suppose 2*c - l = 4*s, -5*c - 1 = -4*s - 0*c. What is the remainder when 5 is divided by 25/15 - s/3?
1
Suppose 7*v - 2*v - q - 618 = 0, 3*q - 360 = -3*v. What is the remainder when v is divided by 31?
30
Suppose -3*b + i + 0*i + 2 = 0, b + i + 2 = 0. Suppose b = -q - 2*q + 60. Let j = 30 + -19. Calculate the remainder when q is divided by j.
9
Suppose -9*i = -8*i - 20. Calculate the remainder when 466/8 - 3/12 is divided by i.
18
Suppose -m = 5*m - 12. Calculate the remainder when 4 is divided by m.
0
Let f be 3 + 0 + 0/2. Let a = -3 + f. Calculate the remainder when (3/(-3) - a)*-13 is divided by 8.
5
Let i(u) = u**2 - 3*u + 6. Let d(x) = 5*x**2 - 14*x + 30. Let c(v) = -2*d(v) + 11*i(v). Calculate the remainder when 22 is divided by c(6).
10
Let r(c) = c + 5. Let m be r(-7). Let i = 4 + m. Suppose -2*x = -4*x - 2*d + i, 2*d + 8 = 0. Calculate the remainder when x is divided by 2.
1
Let t(n) = 2*n**2 + 3*n + 2. Let z be t(-2). Let x be 8*(-3)/(-6)*z. Suppose -4*b = -x, -6*p + 45 = -p - 5*b. Calculate the remainder when 38 is divided by p.
12
Let f(s) = s**3 + 25. Let v be f(0). Suppose -v = -5*z - 6*b + 4*b, z = -4*b + 5. What is the remainder when 9 is divided by z?
4
Let c be -2 + 3 + 3 + 1. Let s(u) = -u + 3. Let t be s(0). Suppose -5 = -0*k + k + t*y, -5*k + c*y + 55 = 0. What is the remainder when 13 is divided by k?
6
Let f be 58/(-1)*3/(-6). Let z = 313 - 194. Suppose z = 5*o + f. What is the remainder when 52 is divided by o?
16
Let f(i) = -40*i - 1. Suppose 9*s + 14 = 10*s. What is the remainder when f(-1) is divided by s?
11
Let a be (-33)/8*-2*4. Let i(t) = -2*t**2 + 18*t - 13. Calculate the remainder when -2 + -2 + a/1 is divided by i(7).
14
Let z = 4 - 2. Suppose 20 = 2*i + z. Calculate the remainder when i is divided by 6.
3
Suppose -2*g + 5*d = -0*g - 31, -4*g + 3*d = -41. Let o(k) = -k**2 + 8*k + 6. What is the remainder when 16 is divided by o(g)?
4
Let t(l) = -2*l**3 - 3*l**2 + 2*l - 3. What is the remainder when t(-3) is divided by 37/5 + (-6)/15?
4
Let z = 5 + 2. Calculate the remainder when 25 is divided by z.
4
Let j(i) = -8*i - 1. What is the remainder when j(-5) is divided by (26 - (-2 + 6 + -1)) + -2?
18
Suppose s + 4*s - 105 = -5*d, -2*d = 3*s - 41. What is the remainder when 64 is divided by d?
20
Let c = 78 - 69. Calculate the remainder when 34 is divided by c.
7
Let r(h) = -133*h - 1. Let a be r(-1). Let y = a + -71. Calculate the remainder when y is divided by 21.
19
Let s = 44 + -43. Calculate the remainder when 2 is divided by s.
0
Let y(l) = l**2 + l + 11. Let f be y(0). Let v(c) = c**3 + 8*c**2 + 5*c - 7. What is the remainder when v(-6) is divided by (-3)/(-3) + f - 0?
11
Let f(w) = -6*w**3 - 5*w**2 + 2*w + 5. Let i(o) = -7*o**3 - 6*o**2 + 2*o + 6. Let c(b) = 6*f(b) - 5*i(b). What is the remainder when 14 is divided by c(-2)?
2
Let g = -45 + 59. What is the remainder when 38 is divided by g?
10
What is the remainder when 56 is divided by (-4 - -8 - -34)/2?
18
What is the remainder when 91 is divided by ((-2)/8)/((-1)/92)?
22
Let t(k) = 7*k**2 - 2*k + 4. Let h(y) = -2*y**2 - 15*y + 14. Calculate the remainder when t(3) is divided by h(-7).
19
Let o(b) = b**3 + 9*b**2 - 13*b - 11. Let p = 130 + -77. What is the remainder when p is divided by o(-10)?
15
Let o be (4/8)/((-1)/96). Let f = o + 84. Suppose f = 3*w - 0*w. What is the remainder when w is divided by 7?
5
Suppose t - 2 = 3*m - 2*m, 4*m - 5*t = -12. What is the remainder when 5 is divided by m?
1
Calculate the remainder when 44 is divided by (-16)/10*(16 + -26).
12
Let n = -14 - -28. Let h be 216/(-28) - 4/14. Let v = h - -13. Calculate the remainder when n is divided by v.
4
Let f(n) = 26*n**2 - 1. Suppose 0*w - w + 36 = 0. Suppose -l + 5*l - w = 0. What is the remainder when f(-1) is divided by l?
7
Let f = 19 + -16. What is the remainder when f is divided by 1?
0
Suppose -t + 6 = 1. Let n = 18 - t. What is the remainder when n is divided by 7?
6
Let a(p) = -2*p**2 + 30*p - 18. Calculate the remainder when a(13) is divided by 14.
6
Suppose 2*y - 13 = 11. What is the remainder when (-3)/(-2) + (-6)/y is divided by 1?
0
Let i be -1 - 0 - (-2 + -17). Suppose 0 = -2*n - 0*n. Suppose n*l = 3*l - i. What is the remainder when 11 is divided by l?
5
Suppose -2*r - 27 = -5*r. Let g = -73 - -27. Calculate the remainder when g/(-3) + 4/6 is divided by r.
7
Suppose -5*q + 46 = 6. What is the remainder when 70 is divided by q?
6
Let l(j) = 3*j + 2. What is the remainder when l(8) is divided by 14?
12
Suppose -30 = -3*o + m - 0, 30 = 3*o + 3*m. Calculate the remainder when 28 is divided by o.
8
Let w(r) = 4*r + 12. Calculate the remainder when w(4) is divided by 15.
13
Suppose -x = -4*x + 3. Calculate the remainder when 39 is divided by 11 + (1 - (1 + x)).
9
Let h be 2 + -11 - (-6 + 5). Let b = 44 + h. Calculate the remainder when b is divided by 13.
10
Let z(l) = l**3 + 7*l**2 + 3*l + 24. Calculate the remainder when 3 is divided by z(-7).
0
Let b be 2/18*3*12. What is the remainder when (36/14)/(b/28) is divided by 5?
3
Suppose -27*u + 18 = -26*u. Calculate the remainder when 70 is divided by u.
16
Let w = -4 - -1. Calculate the remainder when (-128)/w - 6/9 is divided by 15.
12
Let j = 28 - 5. Let q be -2*(-3)/6 + -5. Let r(l) = -l**3 - 3*l**2 + 3*l + 4. What is the remainder when j is divided by r(q)?
7
What is the remainder when 2/(-3) + 58/6 is divided by 2?
1
Let f(b) = b**3 + 11*b**2 + b + 14. Let w(i) = -3*i + 10. Let z be w(7). Suppose 26 = 5*d + 3*v - 0, 8 = 4*v. Calculate the remainder when d is divided by f(z).
1
Let p = -3 + 3. Let f(q) = q**3 - q**2 - q + 23. Calculate the remainder when f(p) is divided by 12.
11
Let c = 6 + 13. Let h(t) = -t**3 - 7*t**2 - 7*t - 1. What is the remainder when c is divided by h(-6)?
4
Let p = -121 + 136. Calculate the remainder when p is divided by 2.
1
Let r be (-2 - -215)/3 - 2. Suppose 4*w = w - r. Let y = 32 + w. What is the remainder when y is divided by 4?
1
Suppose -3*c + 17 = -3*z - 37, 96 = -4*z - 4*c. Let i = -20 - z. Calculate the remainder when 2 is divided by i.
0
Let a(u) = 5*u + 9. Let z be a(-3). Calculate the remainder when -1*(-29 - (z - -4)) is divided by 15.
12
Suppose -9*u - 8 = -440. Calculate the remainder when u is divided by (-12)/(-9)*15/2.
8
Let f(q) = 12*q - 25. What is the remainder when f(6) is divided by 27?
20
Let v(c) = 2*c + 6. Let b be v(-4). Suppose g - 1 - 5 = 4*o, -5*g - 2*o + 96 = 0. Calculate the remainder when (4/5)/(b/(-85)) is divided by g.
16
Let j = -93 - -25. Let c = -46 - j. What is the remainder when c is divided by 5?
2
Let j = 1 + 12. Suppose 0 = -2*x + 2*b - 2, -2*x = -b - 1. Su